2228042?
2
What is the ten millions digit of 2154019606?
5
What is the millions digit of 635302350?
5
What is the tens digit of 99762416?
1
What is the tens digit of 2206341569?
6
What is the tens digit of 42579435?
3
What is the millions digit of 25634129?
5
What is the ten millions digit of 2312208231?
1
What is the millions digit of 176901954?
6
What is the ten thousands digit of 20180881?
8
What is the units digit of 68445086?
6
What is the millions digit of 1382782590?
2
What is the millions digit of 59321812?
9
What is the thousands digit of 1255487359?
7
What is the units digit of 28629968?
8
What is the hundred thousands digit of 300916554?
9
What is the thousands digit of 390948436?
8
What is the tens digit of 103350149?
4
What is the ten millions digit of 2157924564?
5
What is the tens digit of 103270619?
1
What is the hundred thousands digit of 46907811?
9
What is the thousands digit of 2342436223?
6
What is the hundred thousands digit of 681676024?
6
What is the units digit of 658081206?
6
What is the ten millions digit of 125891134?
2
What is the hundreds digit of 23839832?
8
What is the hundred thousands digit of 13346964?
3
What is the tens digit of 21277830?
3
What is the ten millions digit of 41139199?
4
What is the hundred millions digit of 454989064?
4
What is the units digit of 39008282?
2
What is the ten millions digit of 1406744860?
0
What is the tens digit of 937685137?
3
What is the hundred thousands digit of 203737453?
7
What is the tens digit of 3621354?
5
What is the tens digit of 477422726?
2
What is the ten millions digit of 138285747?
3
What is the hundreds digit of 3090445333?
3
What is the ten millions digit of 34351331?
3
What is the units digit of 691053483?
3
What is the hundred thousands digit of 478286737?
2
What is the hundreds digit of 20228945?
9
What is the units digit of 4051664?
4
What is the millions digit of 57574495?
7
What is the thousands digit of 2343987?
3
What is the hundred millions digit of 4449347627?
4
What is the ten millions digit of 88810073?
8
What is the hundred millions digit of 4341264841?
3
What is the ten millions digit of 15986512?
1
What is the units digit of 30043496?
6
What is the tens digit of 1106765566?
6
What is the thousands digit of 351721962?
1
What is the millions digit of 111836269?
1
What is the ten thousands digit of 68917477?
1
What is the hundred thousands digit of 395476848?
4
What is the hundreds digit of 806013726?
7
What is the ten millions digit of 13031983?
1
What is the hundreds digit of 1789379666?
6
What is the ten millions digit of 593616287?
9
What is the ten thousands digit of 561670451?
7
What is the ten millions digit of 164747148?
6
What is the hundreds digit of 1264798806?
8
What is the hundred millions digit of 135878112?
1
What is the hundred millions digit of 3441479942?
4
What is the ten millions digit of 3444443636?
4
What is the tens digit of 9897513586?
8
What is the hundreds digit of 16826244?
2
What is the tens digit of 177889657?
5
What is the millions digit of 36367685?
6
What is the ten millions digit of 3791034356?
9
What is the millions digit of 723122280?
3
What is the ten millions digit of 571992681?
7
What is the tens digit of 247925842?
4
What is the units digit of 334645795?
5
What is the ten millions digit of 843951857?
4
What is the tens digit of 85531564?
6
What is the hundred thousands digit of 783342734?
3
What is the hundred thousands digit of 2628153280?
1
What is the tens digit of 440262449?
4
What is the units digit of 2407080464?
4
What is the thousands digit of 113932889?
2
What is the tens digit of 48051195?
9
What is the hundreds digit of 2945728403?
4
What is the tens digit of 177464944?
4
What is the units digit of 65887486?
6
What is the millions digit of 174077680?
4
What is the hundred thousands digit of 18829288?
8
What is the hundred millions digit of 209065551?
2
What is the hundred millions digit of 1865932823?
8
What is the hundreds digit of 137553129?
1
What is the hundreds digit of 158185406?
4
What is the ten thousands digit of 28661652?
6
What is the tens digit of 2283152?
5
What is the millions digit of 770571234?
0
What is the units digit of 410769140?
0
What is the hundreds digit of 4371278423?
4
What is the hundred millions digit of 142229158?
1
What is the hundred millions digit of 128562778?
1
What is the ten millions digit of 564467930?
6
What is the tens digit of 4306274158?
5
What is the billions digit of 6879419296?
6
What is the ten millions digit of 717802675?
1
What is the ten millions digit of 37303111?
3
What is the ten millions digit of 350573909?
5
What is the thousands digit of 42030949?
0
What is the hundred thousands digit of 77000211?
0
What is the ten millions digit of 179924724?
7
What is the millions digit of 74104363?
4
What is the ten millions digit of 72305949?
7
What is the ten millions digit of 253326646?
5
What is the tens digit of 1214132550?
5
What is the hundred thousands digit of 127573421?
5
What is the ten thousands digit of 898712926?
1
What is the hundred millions digit of 1492591788?
4
What is the ten millions digit of 26884459?
2
What is the hundred thousands digit of 5142609292?
6
What is the thousands digit of 517536742?
6
What is the units digit of 240042973?
3
What is the tens digit of 785609187?
8
What is the hundred millions digit of 384443408?
3
What is the thousands digit of 1632303409?
3
What is the tens digit of 3708097839?
3
What is the millions digit of 449370794?
9
What is the billions digit of 2971681571?
2
What is the millions digit of 949350294?
9
What is the hundreds digit of 1559713152?
1
What is the units digit of 693100449?
9
What is the millions digit of 41409707?
1
What is the millions digit of 20156951?
0
What is the ten millions digit of 94930340?
9
What is the tens digit of 3299061915?
1
What is the tens digit of 38524269?
6
What is the tens digit of 197589293?
9
What is the units digit of 3862419051?
1
What is the hundred thousands digit of 44928049?
9
What is the millions digit of 4732942067?
2
What is the hundred millions digit of 2319022998?
3
What is the millions digit of 155959047?
5
What is the ten thousands digit of 26684607?
8
What is the hundred millions digit of 183350027?
1
What is the billions digit of 2554443624?
2
What is the ten thousands digit of 4840852?
4
What is the ten thousands digit of 130321668?
2
What is the hundreds digit of 434625402?
4
What is the hundred millions digit of 610598048?
6
What is the ten millions digit of 134149277?
3
What is the units digit of 26559744?
4
What is the billions digit of 2382933397?
2
What is the millions digit of 51581491?
1
What is the hundred millions digit of 319848223?
3
What is the units digit of 12568124?
4
What is the units digit of 60136902?
2
What is the millions digit of 147947244?
7
What is the hundred thousands digit of 10296637?
2
What is the hundreds digit of 105030086?
0
What is the hundred thousands digit of 15650553?
6
What is the ten millions digit of 694131226?
9
What is the ten millions digit of 16767906?
1
What is the hundred thousands digit of 2976501581?
5
What is the tens digit of 1387362592?
9
What is the ten millions digit of 92459791?
9
What is the units digit of 447017572?
2
What is the millions digit of 104709505?
4
What is the ten thousands digit of 86324230?
2
What is the hundred thousands digit of 239793649?
7
What is the ten millions digit of 345263908?
4
What is the ten millions digit of 151253416?
5
What is the thousands digit of 1046569346?
9
What is the thousands digit of 1316385549?
5
What is the millions digit of 2448169081?
8
What is the hundred thousands digit of 596049841?
0
What is the millions digit of 5307596853?
7
What is the millions digit of 7620197843?
0
What is the hundred millions digit of 617574336?
6
What is the ten thousands digit of 2861495220?
9
What is the hundred millions digit of 5558235161?
5
What is the ten thousands digit of 434521386?
2
What is the hundred thousands digit of 2555398278?
3
What is the units digit of 9716589?
9
What is the hundred millions digit of 562410402?
5
What is the thousands digit of 295851507?
1
What is the ten millions digit of 233210887?
3
What is the tens digit of 1801306221?
2
What is the